alculate the greatest common divisor of 63 and o.
7
Let i = -4 - -8. Suppose i*c - 5*g - 255 = 0, 0 = 5*c - g - 226 - 119. Let s(v) = 4*v + 2. Let o be s(2). Calculate the greatest common factor of o and c.
10
Let w be (((-140)/(-12))/1)/((-3)/(-9)). What is the greatest common factor of 280 and w?
35
Let w(v) be the second derivative of v**3/6 + 8*v**2 - 2*v. Let x be w(-7). What is the greatest common divisor of 63 and x?
9
Suppose -3*c + 16 = -4*i, -5*i - 1 - 19 = 2*c. Suppose 2*h - 6 - 8 = c. Let s = h - 3. Calculate the greatest common factor of s and 2.
2
Suppose -44 = 4*t - 8*t. What is the highest common divisor of t and 1?
1
Suppose -o = -9 + 1. What is the highest common divisor of 104 and o?
8
Suppose -5*m = -0*m - 2*y - 350, 0 = 5*m + 5*y - 350. What is the greatest common divisor of 28 and m?
14
Let p(k) = -3*k + 6. Let i be p(8). Let d be (i/(-3))/((-2)/(-3)). Let u be -1 - (-1 + -1 + -5). What is the highest common divisor of d and u?
3
Let m be -2 - (-11 + (-1)/1). Suppose -12 = 3*g - 42. What is the highest common divisor of m and g?
10
Suppose 0 = -k - 3*k + 16. Let l(r) = -r**3 - 11*r**2 - 9*r - 12. Let u be l(-9). Let j = -57 - u. Calculate the highest common factor of k and j.
4
Let u(b) = -b**2 + 11*b - 3. Let k be u(7). Calculate the highest common factor of 75 and k.
25
Let s(j) = j**2 + 7*j. Let b be s(-6). Let c be (-2)/b + 70/6. Let u(o) = -o**2 + 5*o + 6. Let t be u(3). Calculate the greatest common divisor of c and t.
12
Suppose 5 = 4*d - 15. Suppose u - 13 = -5*t, -u - 3*u = -d*t - 2. What is the highest common divisor of 4 and t?
2
Suppose 10*r = 12*r - 60. Calculate the greatest common divisor of 10 and r.
10
Let p be ((0 - 0) + -1)*0. Suppose -5*s + p*x = -2*x - 129, 12 = s - 5*x. What is the highest common divisor of s and 18?
9
Let i = -65 + 67. Suppose -r + 0 = -2. Suppose 0 = -0*v + r*v - 8. What is the greatest common divisor of i and v?
2
Let v(d) = d**3 - 15*d**2 + 2*d - 25. Let a be v(15). What is the greatest common divisor of a and 5?
5
Suppose 0 = 2*d + 10, o - d = -o + 325. Calculate the highest common factor of 32 and o.
32
Let i(f) = -f**2 + 8*f - 2. Let l be i(7). Suppose -3*x - 29 = -l*s, 2*s + 2*x = -3*s + 39. Calculate the highest common factor of s and 7.
7
Let o = 299 + -431. Suppose 657 + 306 = 3*l. Let r = l + o. Calculate the highest common factor of 21 and r.
21
Suppose 5*x = 5, y = -0*y + x + 12. What is the highest common divisor of y and 91?
13
Suppose 2*r - 42 = -3*g, -2*r - 5*g = -4*r + 26. What is the highest common divisor of r and 198?
18
Suppose 0 = k - 18 + 1. Calculate the highest common factor of k and 34.
17
Let i be 11 + (-3 - 1/(-1)). What is the highest common factor of i and 99?
9
Let o(s) be the first derivative of -21*s**2/2 - 4. Let y be o(-2). What is the greatest common factor of y and 28?
14
Suppose 411 = 6*c - 711. What is the greatest common factor of 17 and c?
17
Suppose d - 4*d = -99. Calculate the highest common factor of 55 and d.
11
Suppose p + p - 12 = -4*a, 5*a = 4*p - 24. Let u be 2600/36 - p/27. Let r(z) = 2*z + 3. Let g be r(3). Calculate the greatest common divisor of u and g.
9
Let j be -1*(-9 + (-1 - -4) + -7). Calculate the greatest common factor of j and 91.
13
Let s be 2/(-2) - (-3)/1. Let p(t) = -t**3 - 2*t**2 + 2*t + 1. Let o be p(-2). Let i be (-12)/o - 4/2. Calculate the highest common divisor of i and s.
2
Suppose 5*q - 110 - 110 = 5*w, 2*q - 72 = -2*w. What is the greatest common divisor of q and 120?
40
Let n be (2 - -1)/(3/(-4)). Suppose -2 + 17 = -3*x. Let w be x/20 - 49/n. Calculate the highest common divisor of 36 and w.
12
Suppose 6 = 2*q - 4. Let h(b) = b + 1. Let z be h(-1). Suppose 2*u + z = 20. Calculate the highest common factor of u and q.
5
Let x(f) = -f**2 - 5*f + 5. Let d be x(-3). Calculate the greatest common factor of d and 88.
11
Let j(h) be the second derivative of h**4/12 + h**3/2 - h**2 - 2*h. Let t be j(-4). What is the highest common divisor of 14 and t?
2
Let j be (-14)/(-3*(-2)/(-3)). Suppose d + j = 2*x, -3*x - 3*d - 6 = d. Suppose 0 = -k + 13 - x. What is the greatest common divisor of k and 99?
11
Suppose -10 = -4*t + 2. What is the highest common divisor of t and 9?
3
Let o(r) = -r**2 + 7*r - 7*r - 41*r**3. Let l be o(-1). Calculate the highest common divisor of 8 and l.
8
Suppose -t - 3 + 20 = k, -3*k - 12 = 0. What is the highest common divisor of 147 and t?
21
Let g(h) = 2*h**3 + 3*h**2 + 4*h + 2. Let f be g(-2). Let w be ((-4)/f)/(2/50). Calculate the highest common divisor of w and 20.
10
Let w(s) = -7*s + 20. Let g be w(-4). Calculate the greatest common divisor of 16 and g.
16
Let b(h) = -h**2 + 8*h - 3. Let n be b(6). Let d(z) = 16*z**2 - 2*z + 3. Let s be d(2). What is the highest common factor of s and n?
9
Suppose -2*d = -3*u + d + 99, -97 = -4*u - 3*d. What is the greatest common divisor of u and 35?
7
Let b = -5 + 3. Let n be 54 - b/4*2. Let f = -29 + 40. Calculate the greatest common factor of n and f.
11
Let x = 118 - 64. Suppose 3*r - 3*j - x = 0, 4*j + 9 + 9 = r. Calculate the highest common factor of r and 126.
18
Let j be -2*3*11/(-6). What is the greatest common factor of j and 11?
11
Suppose 4*l - 1281 = 3*w, 3*l - 790 = 3*w + 173. Suppose -4*f + 4*z + 201 = -459, -2*f = 2*z - l. Let i = 12 + 6. What is the highest common factor of i and f?
18
Suppose 4*r - 3*s + 3 + 12 = 0, -s + 5 = -r. Suppose r*p - 3*p + 66 = 0. What is the highest common divisor of p and 198?
22
Let f(h) = h**2 + 3*h - 2. Let r be f(-7). Let s be r - (-1 + -1 - -2). Calculate the highest common factor of s and 65.
13
Suppose z + 792 = 5*z. Calculate the greatest common divisor of 22 and z.
22
Let b(k) = k**2 - 3*k - 7. Let q be b(-3). What is the highest common factor of q and 44?
11
Let w(x) = -x + 11. Let p be w(10). Let f be (4/3)/(p/9). Calculate the greatest common factor of 8 and f.
4
Let v(g) = g**2 - 2*g. Let i be v(3). Suppose -i*k = q - 62, 5*k = 4*k - 3*q + 10. Calculate the greatest common divisor of k and 66.
22
Suppose -w + 2*r + 2*r = -37, 43 = w - 2*r. Suppose 1 = j + 3*s - 3, -4*s = -8. Let b be 2 + j + -3 + 10. What is the greatest common factor of w and b?
7
Suppose -7 - 8 = -5*g. Suppose 7*f + 3*h - 30 = 4*f, -5*h = g*f - 40. Suppose k - 12 = -3*k, -v + f*k - 13 = 0. What is the highest common factor of 10 and v?
2
Suppose -5*w + 2*w + 9 = 0. Let b(j) = -1 + 3*j**2 + 3 + j - 2*j**2. Let t be b(w). What is the greatest common factor of 56 and t?
14
Let m = 6 + 1. Let g be 0 - -27 - (-4 + 4). Suppose -5*z + 8 = -g. Calculate the highest common divisor of z and m.
7
Let z be 3/2*16/6. Suppose 0 = -z*t + 2*r - r + 84, -2*r - 80 = -4*t. Let n = 0 + 33. Calculate the greatest common divisor of n and t.
11
Suppose -4*z = -2*z + 20. Let y be (-714)/(-30) - 2/z. What is the greatest common divisor of y and 96?
24
Let f be 1 + (-3 - -10)*3. What is the highest common factor of f and 88?
22
Let q be 66/4*12/9. Let p = q - 10. Calculate the highest common factor of 3 and p.
3
Let s(r) = r**2 - 5*r + 4. Let y be s(6). What is the greatest common divisor of 50 and y?
10
Suppose 4*h + 3 = 5*h. Suppose -5*n - 2*x = -h, -4*n = -2*n - 4*x - 6. Let j = -5 + 8. What is the greatest common factor of j and n?
1
Let f(r) = -r**3 - 5*r**2 + 4*r + 2. Let i be (-1)/(-1*(-1)/7). Let b be f(i). Calculate the highest common divisor of 8 and b.
8
Suppose 0 = 3*t + 6, 2*w - 4*t - 48 = -2*w. Suppose -4*g + 2*m + 7 = 3, m - 4 = -g. Let n be 50*(5/g)/5. What is the highest common factor of n and w?
5
Suppose -457 = 24*z - 1321. What is the greatest common divisor of z and 18?
18
Let m = -11 + 23. Let l = 77 - 29. Suppose l = -d + 5*d. Calculate the greatest common divisor of d and m.
12
Let y = -4 - -7. Suppose -y = -2*b + 1. Suppose 85 = 7*n - b*n. What is the greatest common divisor of 34 and n?
17
Let s = 2 - 4. Let l(y) = 3 - 1 - 9*y - 4. Let c be l(s). What is the greatest common divisor of 8 and c?
8
Suppose k + 4*k - 325 = 0. Let g = k + 78. What is the highest common factor of 13 and g?
13
Suppose -4*p + 5*c + 71 = 0, -3*c = 3*p + p - 79. Suppose -143 = -5*w + a, -w + 24 + p = -5*a. Calculate the highest common divisor of w and 4.
4
Let w = 45 - 22. Suppose -q + 0*q - w = 0. Let l = q + 33. Calculate the highest common fa